actor of 4 and b?
4
Suppose 2*a = -4*x + 526, a = -3*x + 6*a + 414. Let v = x - -14. What is the highest common divisor of v and 21?
21
Let h = 24 - 34. Let w be 2/10 + (-78)/h. Suppose x - 81 = -1. What is the highest common divisor of x and w?
8
Let c = 31 - 21. Suppose q - 2*q = -40. Calculate the greatest common factor of c and q.
10
Let q be (-4 - 70 - 1)/(-1). Let p = 10 + 5. What is the highest common factor of p and q?
15
Let p(a) = 57*a**2 - 4*a + 1. Let u(r) = 56*r**2 - 5*r + 1. Let x(g) = 4*p(g) - 3*u(g). Let w be x(-2). What is the highest common factor of 27 and w?
27
Let t(c) = 7*c**2 - 7*c - 4 - c**3 + 7*c + 7*c. Let v be t(5). What is the highest common factor of v and 54?
27
Let c be (-3)/9 - (-1)/3. Let v(g) = -g**3 - g**2 + g + 60. Let x be v(c). Let m be x - 0/(3 - 0). What is the greatest common divisor of m and 12?
12
Let d = -1 - -17. Let w(v) = v**3 + 4*v**2 - 3. Let i be w(-3). Let m be 20/i - 12/9. Calculate the highest common factor of d and m.
2
Let c(i) = i**3 + 18*i**2 - 2*i - 26. Let u be c(-18). Let q be (4 - 2) + (-2)/(-1). Calculate the highest common divisor of u and q.
2
Suppose 0 = -2*t + 16 - 4. Let d = -1 + 0. Let a be (-5 - -1) + (45 - d). What is the highest common divisor of t and a?
6
Let n be (0 + (-28)/21)/((-4)/54). What is the highest common divisor of n and 36?
18
Let g = 29 + -17. What is the greatest common divisor of 132 and g?
12
Let g = 5 + -3. Let z = g - 1. Let m(h) = h**3 + h**2 + 3. Let j be m(0). What is the highest common factor of j and z?
1
Let c = 81 + -65. Calculate the greatest common factor of 56 and c.
8
Let p(d) = -33*d**3 - 3*d**2 - 2*d. Let h be p(-1). What is the greatest common divisor of 160 and h?
32
Let f be (27/(-3 + 4))/((-6)/(-8)). What is the greatest common divisor of 12 and f?
12
Let r(a) = 37*a - 2. Let c be r(6). Suppose 7*p - 2*p = c. Suppose 0 = -2*t + 6*t - p. Calculate the greatest common factor of 1 and t.
1
Suppose -8*a + 4*a = -2*w - 2, -4*a = -4*w. Let z be -10*a + 1*-2. Let i = z + 42. Calculate the highest common factor of i and 12.
6
Let o(u) = u - u**3 - 12*u + 2*u**3 - 8 + 6*u**2. Let p be o(-7). Calculate the greatest common divisor of p and 40.
20
Suppose 2*q = b - 3, 2*b = b + q + 4. Suppose -21 = b*y - 76. Let u = -121 + 176. Calculate the highest common divisor of y and u.
11
Let o = 18 - -7. What is the highest common divisor of o and 75?
25
Let g(w) = -7*w - 1. Let a(v) = v - 9. Let s be a(7). Let r be g(s). Calculate the highest common divisor of 117 and r.
13
Let i(x) = 17*x - 3. Let y be i(8). Suppose 5*p = y - 423. Let c = p + 170. Calculate the highest common factor of c and 14.
14
Let h be (2/(-6) - 0)*-3. Suppose -4 = -2*t + 3*n, -2*t = t + 5*n + 13. Let l = t + 3. Calculate the highest common factor of l and h.
1
Suppose -4*x - f + 62 = 0, x + 4*x - 72 = -4*f. Let g(z) = 4*z**2 + 6*z - 4. Let a be g(6). What is the greatest common factor of a and x?
16
Let j be -1 + (1 - -139 - 1). Let c = -74 + j. Suppose -7 = b - c. What is the greatest common divisor of 19 and b?
19
Suppose -n - n + 102 = 0. Suppose -3*w - 3*k + 43 = -k, -4*w - 2*k + 60 = 0. Calculate the greatest common factor of n and w.
17
Suppose -9 = -3*k + 15. Calculate the highest common factor of k and 32.
8
Let w(q) = -3*q + 2. Let z be w(-3). Let u = 74 - 104. Let d = 36 - u. What is the highest common factor of d and z?
11
Suppose 2381 = 4*j + 6*k - 3*k, -574 = -j - 5*k. Let f = -129 + j. Let v = -326 + f. Calculate the highest common factor of v and 16.
16
Suppose -5*n + 34 = 2*s + 8, -5*s + 2*n + 36 = 0. Suppose -5*x = -2*i + 196, 3*x - 251 = -5*i + 177. Calculate the highest common factor of s and i.
8
Suppose -2*m = -0*m - 140. Let h(v) = -4 + 3 + 2*v - 3 + 2. Let j be h(8). Calculate the greatest common factor of m and j.
14
Let y = 7 - 4. Suppose -9*x + 26 = -7*x. Let o = x - 4. What is the highest common factor of o and y?
3
Let n be (-30)/(-4)*(-110)/(-33). Let s = n + 11. Calculate the highest common divisor of s and 54.
18
Let s = -80 - -140. What is the highest common factor of 12 and s?
12
Suppose 0 = 2*u + 5*z - 193, -5*z - 273 = -2*u - 50. What is the greatest common divisor of u and 26?
26
Suppose -4*z + 0*u + 95 = u, -z - u + 23 = 0. Calculate the greatest common factor of 12 and z.
12
Let y = 42 - 28. Let m = 41 - y. What is the highest common factor of 3 and m?
3
Suppose -18 = -u + 4*a - 2*a, -u = 4*a - 18. Calculate the greatest common divisor of 36 and u.
18
Let z = 20 - 16. Suppose z*f - f - 60 = 0. Suppose -t = -4*h - 62, 4*h - 147 = -3*t + 3*h. Calculate the highest common divisor of t and f.
10
Let u(j) = -j**2 - 13*j + 28. Let h be u(-13). What is the greatest common divisor of h and 280?
28
Let q(r) = 4*r**2 + 3*r + 3. Let u be q(3). Suppose k = -5*x - 8, -5*k - 3 = x + 13. Let d be 3 - k - -3 - 3. What is the highest common divisor of u and d?
6
Let y(r) = r**2 + 5*r + 2. Let o be y(-6). Let l(z) = z + 1. Let q be l(-6). Let a = o + q. What is the highest common factor of a and 27?
3
Suppose z - 7 = 73. Calculate the greatest common factor of z and 10.
10
Suppose -31 = -3*i + 5. Let b be (-3)/6*6 + 11. What is the highest common divisor of b and i?
4
Let a(t) = -6*t**2 - 3 - t**3 - 9*t**2 + 13*t**2 + 3*t. Let h be a(-4). Calculate the greatest common factor of 17 and h.
17
Let z = -5 + 35. Calculate the highest common factor of 15 and z.
15
Suppose 3*a - 18 - 6 = 0. Let v(x) = -16*x. Let p be v(-4). What is the highest common divisor of p and a?
8
Suppose 0 = -0*a - 2*a. Suppose a = -2*m + 13 + 21. Let f be (-1 + 15/(-2))*-4. Calculate the greatest common divisor of m and f.
17
Suppose 5*u - 80 = -0*u. Calculate the greatest common factor of u and 2.
2
Suppose -6*s + 3*s + 2*p = -15, -p = 2*s - 10. Suppose s*t + 1 = 6*t. Let r(b) = b**2 + 3*b - 9. Let l be r(-6). What is the greatest common divisor of t and l?
1
Suppose 13 = 3*w + 3*u - 4*u, 0 = 3*u + 12. Let i = 7 - w. Suppose 0 = i*j - 3*j - 7. Calculate the highest common divisor of j and 35.
7
Suppose -2*o - 5*u + 25 = 0, 0 = -5*o + u - 4*u + 91. Calculate the highest common factor of o and 10.
10
Let u be -7*(-16)/(1 + 3). Suppose u = 2*x + 2*g, 31 = -x + 5*x - g. Suppose 0 = 5*v - 14 - 1. What is the highest common divisor of x and v?
3
Let y(g) = -1 - 4*g + 5 + 1. Let i be y(-4). Suppose p - u - 18 = -4, 2*u = 0. What is the highest common factor of p and i?
7
Let o = 3 + 0. Suppose -4*d - 2*g = -4, -g - 1 = o*d - 4*d. Calculate the greatest common factor of 4 and d.
1
Let j(x) = x - 1. Let n be j(1). Suppose -p - 2*c - 3 = n, 3*p + 2*p = -4*c + 3. Suppose -143 = -3*u - 44. What is the highest common factor of p and u?
3
Let x = 11 + -7. Suppose -x*w - 8 = m, 0 = 6*m - m + 5*w - 20. Suppose -v - 59 = -2*v - 3*f, 3*v - 5*f = 163. Calculate the highest common factor of v and m.
8
Suppose 0 = 3*b - 6*l + 2*l - 76, 0 = 5*b + 4*l - 84. Calculate the greatest common factor of b and 40.
20
Suppose -4*h + 17 + 1 = 3*w, 3*h - 4*w - 1 = 0. Let m(k) = -30*k - 96. Let t be m(-4). Calculate the highest common factor of t and h.
3
Suppose -70 - 254 = 3*f. Let g be f/(-3) - 1*4. What is the greatest common factor of 80 and g?
16
Let u(p) = -2*p**3 - 2*p**2 + 2*p - 2. Let b be u(-3). What is the highest common divisor of 7 and b?
7
Let o be (-2572)/(-20) + (-2)/(-5). Suppose 2*z - 255 = 3*y - 0*y, -3*y = -z + o. What is the greatest common factor of 14 and z?
14
Let i be (2 - -7)*(-2)/(-6). Suppose -17 = -5*u + i. Calculate the greatest common divisor of u and 20.
4
Let x(p) = 18*p**3 - 3*p**2 - 5*p - 8 + 13*p**3 - 32*p**3. Let n be x(-3). Let i be -1 + 1*1*8. What is the highest common divisor of i and n?
7
Let z = 67 + -45. What is the highest common divisor of z and 2?
2
Let z(l) = 4*l**2 + 2*l - 2. Let t be z(4). Calculate the greatest common factor of t and 7.
7
Suppose 17 + 5 = f. What is the greatest common factor of f and 11?
11
Suppose k + 3*k + 62 = 5*d, -4*k - 80 = 4*d. Let j = -9 - k. Let w(r) = -22*r + 6. Let p be w(-3). What is the highest common factor of j and p?
9
Let f(n) = n**2 + 3*n + 2. Suppose 9 + 6 = 5*m. Let u be f(m). Suppose 5*o = 7*o - u. Calculate the highest common divisor of 10 and o.
10
Let x be (-7)/((-28)/30)*72/20. What is the greatest common divisor of 81 and x?
27